5. Let p be (-5)/(-5) - 2/1. Let k be 528/(-16)*p*1. What is the highest common factor of k and l?
3
Let f(p) = 13*p**2 - 2*p + 1. Let t be f(-3). Suppose t = m - 8. What is the greatest common divisor of 12 and m?
12
Suppose -2*b + 3*b = 14. Suppose 34*o = 27*o + 147. Calculate the greatest common divisor of b and o.
7
Let x(v) = -v**3 + 5*v**2 + 8*v - 7. Let j be x(6). What is the greatest common divisor of 55 and j?
5
Suppose -4*u = -37 - 123. Suppose u = -0*r + 4*r. Calculate the highest common divisor of 30 and r.
10
Suppose -28 = -3*a + 17. Let s be (-4)/(-20) + 117/a. Calculate the greatest common divisor of 8 and s.
8
Let u = 263 - 101. Calculate the highest common factor of u and 18.
18
Suppose 2*g = -g + 6. Suppose -g*q + 79 = 19. Let u be (-120)/(-8)*4/6. What is the highest common divisor of u and q?
10
Suppose 0*w = -4*w + 176. Suppose 5*t - w = t. What is the highest common factor of 88 and t?
11
Suppose -6*q - 3*x = -2*q + 22, 3*x = 4*q + 34. Let g be q/(-49) - 244/(-7). Calculate the highest common factor of 14 and g.
7
Let w(l) = -11*l - 16. Let s be w(-12). Calculate the greatest common factor of s and 29.
29
Let f(y) = 26*y + 13. Let w be f(2). What is the highest common factor of w and 13?
13
Let z = -145 - -159. What is the highest common divisor of z and 182?
14
Suppose -6*i - 1120 = -14*i. Calculate the highest common factor of i and 20.
20
Let u(p) = -p**3 + 6*p**2 - p - 16. Let t be u(5). What is the highest common factor of 100 and t?
4
Let q be (-32)/(-14) - (-2)/(-7). Let k be (6/(-2) + q)*-10. Let s be -4*(-2)/(2/5). What is the highest common divisor of k and s?
10
Suppose -31 = -3*s + 4*b, 3*b + b = 2*s - 26. Let j be 102/4 + 2/(-4). Calculate the highest common factor of j and s.
5
Let c = -37 - -40. Calculate the highest common divisor of c and 12.
3
Let n(t) = t**2 - 7*t + 9. Let z be n(6). What is the greatest common factor of 1 and z?
1
Let p be (-2 - (-5)/1) + 0. Let x be 24 + (p - 1)/(-1). Calculate the highest common factor of 242 and x.
22
Let c(h) = -h**3 + 16*h**2 - 13*h - 18. Let w be c(15). Let t(z) = z**2 + 5*z - 17. Let k be t(w). What is the greatest common divisor of 17 and k?
17
Suppose -3*o + 5 + 10 = 3*s, -5*s + 25 = 2*o. Let d be 215/25 - (-2)/s. What is the highest common divisor of d and 3?
3
Let x(r) = -19*r + 4. Let q(w) = 19*w - 4. Let i(u) = 3*q(u) + 4*x(u). Let k be i(-4). What is the highest common factor of k and 10?
10
Let o be (-36)/(-30)*5 - 5. Let q = -2 + 3. Calculate the highest common divisor of o and q.
1
Let k = 8 + -9. Let t(m) = -10*m. Let r be t(k). Calculate the greatest common divisor of r and 2.
2
Let q = 46 - 14. Calculate the highest common divisor of 8 and q.
8
Suppose 0 = -5*n + 16 + 9. What is the highest common divisor of 20 and n?
5
Let k be (8/3)/((-3)/9). Let h(t) = t**3 + 7*t**2 - 9*t - 6. Let y be h(k). Let j = 6 - y. Calculate the highest common divisor of 16 and j.
4
Suppose 14 = -m + 5*l, -17 = -2*m - 0*m - 5*l. Let x be m/3*(6 + 69). What is the highest common divisor of x and 5?
5
Let o = 548 - 532. Suppose i - 5*r - 45 = -159, -4 = -2*r. Let f = 184 + i. What is the highest common divisor of f and o?
16
Let v be (1 + (-22)/14)/((-58)/1015). Calculate the greatest common factor of 130 and v.
10
Let r = 17 + -9. Suppose 0 = -5*m + 4*j + 48, 0 = 2*j + 2*j + r. Calculate the greatest common factor of m and 20.
4
Suppose -3*t + 62 = -55. Calculate the highest common factor of t and 26.
13
Suppose 550 = 12*n - 2*n. Calculate the greatest common factor of n and 22.
11
Let s = -92 - -110. What is the highest common divisor of s and 18?
18
Suppose -3*g = -40 + 4. Suppose -d - 50 = -2*i, 2*i - 3*i + 35 = 2*d. Suppose -3*f = -w + 17, f + i = 4*w - 8. What is the greatest common divisor of g and w?
4
Let w(o) = 7*o - 8. Let c be w(4). What is the greatest common factor of c and 5?
5
Suppose -585 = -4*b + 5*k, -b = b + k - 275. What is the greatest common divisor of b and 20?
20
Let h(r) = r**3 - 2*r. Let p(y) = -3*y**3 - y**2 - y - 1. Let w be p(-1). Let c be h(w). Let b = -36 + 72. What is the highest common divisor of b and c?
4
Let a be (2 - 0) + (-9)/(-3). Let r = 5 + a. Calculate the greatest common factor of 90 and r.
10
Let p = 14 + -4. What is the greatest common divisor of p and 70?
10
Let f(u) be the third derivative of u**5/60 + u**4/24 - 2*u**3 - 2*u**2. Let c be f(5). What is the highest common factor of c and 180?
18
Let q(i) = 8*i - 1. Let c be q(7). What is the greatest common factor of 5 and c?
5
Suppose -q = 4*q - 85. What is the highest common factor of q and 136?
17
Let x(k) = -k. Let t be x(-3). Suppose -i + t*i = 52. What is the highest common factor of 26 and i?
26
Suppose -2*s + 56 = -84. Let w = s + -42. Calculate the highest common divisor of w and 4.
4
Let t = 157 - 140. Let y = -194 - -381. Calculate the greatest common divisor of y and t.
17
Let h be (104/(-39))/(2/(-24)). Calculate the highest common divisor of 112 and h.
16
Let s be 4 + 0/(-2) + -4. Suppose -6*l + 43 + 29 = s. What is the highest common divisor of 18 and l?
6
Let f(m) = m**2 + 7*m + 9. Let y be f(-6). Suppose 5*z - 45 = 5*i, 26 = y*z - 0*i - 4*i. What is the highest common divisor of 30 and z?
10
Suppose 0*x = 2*x - 8. Let y(h) = 16*h**2 - 2*h + 4. Let l be y(x). Suppose -l - 243 = -3*m. Calculate the greatest common factor of m and 15.
15
Let v(f) = f**2 - 6*f + 8. Let k be v(5). Let q(c) = c**2 + 2*c - 2. Let w be q(5). What is the highest common divisor of w and k?
3
Suppose -u = 3*u - 64. Calculate the highest common factor of u and 128.
16
Let j = 31 - 30. What is the greatest common divisor of 1 and j?
1
Let t be (6 + 194)*(-6)/(-8). Suppose k - t = -4*k. What is the greatest common factor of 12 and k?
6
Let c(f) = -f + 12. Let i be c(11). Suppose -a + 7 - i = 0. What is the greatest common factor of 12 and a?
6
Let c(v) = 4*v - 17. Let m be c(8). Suppose -2*a + 33 = l, l + m = a + 2*l. Calculate the greatest common factor of 6 and a.
6
Let l be ((-2)/4)/(3/(-12)). Suppose 3*c + g = 40, 1 = l*g - 1. Let s = c + 1. What is the greatest common divisor of s and 56?
14
Suppose 0 = -5*l + 2*s - 3*s - 364, -2*l = 3*s + 143. Let b = 264 + -81. Let o = b + l. What is the greatest common factor of o and 10?
10
Suppose -2*s + 42 = -54. Let g = -12 + 17. Suppose -b - 2*t = -0*b + 2, -g*b = 4*t - 14. What is the greatest common factor of s and b?
6
Let p = -82 + 111. Calculate the greatest common factor of 116 and p.
29
Suppose 3*b - 285 = 4*c, 3*b + 4*c - 2*c = 267. What is the highest common divisor of 7 and b?
7
Let s(w) = w**3 - 7*w**2 + 6*w + 1. Let b be s(6). Calculate the highest common divisor of b and 7.
1
Suppose -7*m + 13 = -15. What is the greatest common factor of m and 4?
4
Suppose 0 = -3*m - 4*i - 4, 8*m + 4*i = 3*m - 20. Let n(b) = -2*b - 7. Let u be n(m). Calculate the greatest common factor of 45 and u.
9
Suppose 0 = -4*r + 212 + 68. Calculate the highest common factor of 10 and r.
10
Let x(z) = -2*z - 5. Let f(k) = -7*k + 2. Let s be f(2). Let p = s + 5. Let c be x(p). Calculate the greatest common divisor of c and 63.
9
Let d(z) = 2*z**3 + 11*z**2 + 4*z - 6. Let o be d(-4). What is the greatest common factor of 182 and o?
26
Let b(n) = -n**3 + 4*n**2 - 3. Let a be b(3). Let c(j) = 7*j**2 + 3. Let i be c(3). Calculate the greatest common factor of i and a.
6
Let t(w) = -w - 7. Let a be 2*4/((-24)/9). Let n be t(a). Let y(u) = -6*u - 2. Let z be y(n). Calculate the highest common divisor of 55 and z.
11
Let u be 2/(-4)*(-103 + -1 + -4). Calculate the greatest common factor of u and 6.
6
Let m = -143 + 303. Calculate the highest common divisor of 16 and m.
16
Suppose 0 = -3*h + 132 + 36. What is the highest common factor of h and 8?
8
Let o(f) be the third derivative of -f**6/120 + 2*f**5/15 + f**4/24 - 2*f**3/3 - 2*f**2. Let w be o(8). What is the highest common divisor of w and 36?
4
Suppose 0 = 3*z - c - 354, 0 = 2*z - 2*c + c - 235. Let y(n) = n**3 - 7*n**2 + 10*n - 7. Let l be y(6). What is the greatest common divisor of z and l?
17
Suppose -14 = 3*v + v - 2*m, -3*v = -2*m + 12. Let u be (-8*2)/(v/5). Calculate the highest common divisor of u and 16.
8
Let p(x) = -x - x + x - 4*x + 6. Let k be p(-3). Calculate the highest common divisor of k and 